 - 210, 2*w - 3*a = 84. Let s(t) = -t**3 + 7*t**2 + t + 7. Let i be s(7). Calculate the highest common factor of i and w.
14
Suppose 4*r - 6 = u, 0*r - 4*r + 2*u = 0. Let m = 6 + -3. What is the highest common divisor of m and r?
3
Suppose -15*o + 1662 - 57 = 0. Let b = o - 59. Calculate the highest common factor of b and 12.
12
Let s(y) = 12*y - 3. Let n be s(-11). Let x = -58 - n. Calculate the highest common factor of x and 22.
11
Let q = 20 + -8. Let p = 16 - q. Suppose 2*c - 5*c = p*u - 73, 0 = -3*u + 3*c + 39. Calculate the highest common factor of u and 40.
8
Suppose -3*v + 6 = 0, -2*v + 4 = -h + 3*h. Let m be (-4 - -3)*h + 15. What is the highest common divisor of 5 and m?
5
Suppose -4*g + 42 = -982. Suppose 5*f + 227 = 6*y, 220*f - 222*f + 114 = 4*y. What is the highest common divisor of y and g?
32
Let l be (-430)/(-9) - 8/36*-1. Suppose -5*k + 2*x = -194, k + 5*x = l - 20. What is the highest common divisor of 418 and k?
38
Suppose -o + 5 = -4. Let n = 1 - -4. Suppose 42 = 3*r - n*b, 4*r - 34 + 1 = -b. Calculate the highest common divisor of r and o.
9
Suppose -x + 5*x - 48 = 0. Let j be 2/6*9*1. Suppose 0*y - 12 = -j*y, 2*s - 2*y - 208 = 0. Calculate the greatest common factor of x and s.
12
Let n = -21 + 2. Let q = 197 - 140. Let t = n + q. Calculate the greatest common factor of t and 19.
19
Suppose 0 = d + 4 - 11. Let i(k) = k**3 - 8*k**2 + 9*k + 7. Let a be i(d). Calculate the greatest common factor of a and 105.
21
Let l = 10 + 6. Suppose -4 + 8 = p. Suppose -p + l = 3*k. Calculate the highest common divisor of k and 36.
4
Let l be (-46)/(-10) - (7 - (-192)/(-30)). Suppose -l*h + 36 = 4*s, 0*h - h - 19 = -s. What is the greatest common factor of s and 182?
14
Let f(b) = 3*b**2 - 16*b - 6. Let v be f(7). What is the highest common factor of 58 and v?
29
Suppose -5589 + 29338 = 17*j. Calculate the greatest common divisor of 11 and j.
11
Let s = 200 + -101. What is the highest common divisor of s and 36?
9
Let f be 6*2/1 - -8. Calculate the greatest common factor of f and 80.
20
Suppose -4*v = 16, -5*u - 6*v + 324 = -7*v. Calculate the highest common factor of 64 and u.
64
Suppose -2442 = -0*l - 11*l. Calculate the highest common divisor of l and 37.
37
Suppose 0 = 25*y - 8*y - 714. What is the highest common divisor of 63 and y?
21
Let r = 1256 - 775. What is the highest common divisor of r and 37?
37
Let p be (-1)/((-20)/24 + 1). Let q be 36/p - (-1 - 3). Let a be ((-18)/(-5))/(q/(-10)). What is the highest common factor of a and 9?
9
Let b = 6 - -14. Suppose 0 = 5*u + 3*s - 34, 3*u - 3*s = -8*s + 14. Calculate the highest common divisor of u and b.
4
Suppose 3*b - 647 = 2*b. Suppose -2*g + 2*o - 480 = 0, 5*g - o + 541 + b = 0. Let j be g/(-4) - 45/(-60). Calculate the greatest common divisor of j and 24.
12
Suppose -12*v = -15*v + 120. Let y be 44*4/v*20. What is the highest common divisor of y and 11?
11
Let x(u) = -u**2 - 7*u - 3. Let l be x(-6). Let o = -40 + 31. Let y = 10 + o. Calculate the greatest common divisor of l and y.
1
Let m = 23 + -9. Suppose 4*q + u = -u + 30, 0 = q - 5*u - 2. Calculate the highest common divisor of q and m.
7
Let y(t) = 3*t**3 + 14*t**2 + 2. Let k(h) = -4*h**3 - 14*h**2 - 2. Let d(s) = 4*k(s) + 5*y(s). Let m be d(14). What is the highest common divisor of m and 20?
2
Let t be ((-1)/2)/((-2 - 5)/28). Calculate the greatest common factor of 32 and t.
2
Let g be -3 + 2 - (-2 - 143). Let q = -572 - -581. Calculate the highest common divisor of g and q.
9
Let p be (-1)/2 - 74/(-4). Let l = 319 + -160. Suppose 3*r - 807 = -5*s, 5*s - r - l = 652. What is the highest common divisor of p and s?
18
Suppose 0 = -u + f + 59, 3*u + 9*f - 195 = 6*f. Let w = 1 + 3. Suppose -3*v - u = -2*y + 111, 357 = w*y + 5*v. Calculate the highest common factor of y and 8.
8
Let m = 17 - 19. Let t be (-6 + 0)*1/m. Suppose -5*l + 726 = -3*r, -l - t*r + 138 = -0*l. What is the highest common divisor of l and 16?
16
Let z be 2/(-6) + 0 + 6850/30. Calculate the highest common divisor of 24 and z.
12
Let t(q) = 24*q + 142. Let c be t(-5). Let h(a) = -2*a**3 - 3*a**2 + 5*a + 6. Let j be h(-4). Calculate the greatest common factor of c and j.
22
Let d be 3/(-2)*(-18)/27. Let k be 13/2*(3 - d). Let m = 365 + -248. What is the greatest common factor of k and m?
13
Suppose 0 = 10*y - 9*y - 33. What is the highest common factor of y and 3?
3
Let l = 93 + -54. Let h = 19 - -42. Let y = h - l. Calculate the highest common factor of 22 and y.
22
Let j(b) = -4*b + 26. Suppose -6*k = 4*k - 50. Let g be j(k). What is the highest common divisor of g and 15?
3
Let v = 31 + -16. Suppose 59 = -3*m + 206. Let i = m + -34. What is the highest common factor of i and v?
15
Let l be (5 - (2 - -6))/((-2)/2). Suppose l*g = 13*g - 110. Calculate the greatest common divisor of g and 242.
11
Suppose -4*f - 12 = 0, -29*c + 25*c = -4*f - 176. What is the highest common factor of 779 and c?
41
Suppose 451 = 15*q + 91. Calculate the greatest common factor of q and 4584.
24
Suppose -5*u + 6*u = 6. Suppose -u*l + 2*l + c = -183, 3*c = -2*l + 81. Calculate the greatest common factor of l and 15.
15
Let n be (-141)/15 + (-1)/(20/(-8)). Let q be 4/(-6)*1*n/6. What is the greatest common factor of 3 and q?
1
Let g(a) = -2*a**2 + 40*a - 30. Let r be g(19). Let u = 2 + 14. Calculate the highest common factor of u and r.
8
Let a = -211 - -250. Calculate the highest common divisor of a and 91.
13
Let n = -4130 - -4147. Let b(o) = o**2 - 2*o + 2. Let x be b(-3). What is the highest common factor of x and n?
17
Let z = 166 - 85. Let r = z + 33. Suppose 0 = 5*h - r - 201. Calculate the greatest common factor of h and 21.
21
Let n = 38 + -28. Let k be 2/(-4) + 95/n. Let m be (18/5)/(2/40). Calculate the greatest common divisor of m and k.
9
Let c(j) = -102*j**3 - j**2 - 2*j - 2. Let k be c(-1). Suppose -340 = 99*t - k*t. Calculate the greatest common divisor of t and 34.
34
Let j be 4 + 5/(-6) + 2/(-12). Let p(g) = g + 13. Let m be p(-10). Calculate the highest common divisor of m and j.
3
Let a = 64 + -34. Let g = -27 - -37. Suppose 30 = -5*w + g*w. What is the highest common factor of w and a?
6
Let m = 19 - 14. Suppose m*d = -0*d + 25. What is the greatest common factor of d and 35?
5
Let g be ((-55)/(-22))/((-10)/(-8)). Suppose u = g, -4*f + 4*u = -52 - 4. What is the greatest common divisor of f and 112?
16
Suppose -2*j + 11 = j + 5*g, 0 = 2*g + 4. Let q = 26 + -14. Suppose 16 = s - q. What is the greatest common factor of s and j?
7
Let y be (-2)/(0 + 2)*720/(-9). Let t(f) = f + 16. Let r be t(0). Calculate the highest common divisor of r and y.
16
Let g = -321 + 443. Calculate the highest common factor of g and 305.
61
Suppose 2*a + 630 = 5*m + 6053, 2*a - 3*m = 5425. Calculate the highest common divisor of a and 46.
46
Let h(x) = -13*x**2 - 1119*x + 54. Let i be h(-86). Let t be 2*(-2)/(-4) + 55. Calculate the highest common factor of i and t.
28
Let l be (2976 - (-49)/(-7)) + 1. What is the highest common factor of l and 90?
90
Let s = -310 + 313. Let z(t) be the third derivative of t**5/60 + t**4/12 - t**3/6 - 2*t**2. Let g be z(s). What is the greatest common factor of 21 and g?
7
Suppose 11*q = 703 + 617. Suppose l - 3*w - q = 0, -4*w = 2*l - 132 - 58. What is the highest common factor of 42 and l?
21
Let i(u) = u**2 - 5*u - 16. Let y be i(7). Let j be (1 + y)/(8/(-72)). Suppose 0 = -10*q + j*q + 11. What is the greatest common factor of q and 88?
11
Let n = 1061 - 999. What is the highest common factor of 2 and n?
2
Suppose -2*z - 98 = 4*d, -3*d + 4*z - z - 87 = 0. Let m = 28 + d. Suppose -7 - m = -w. What is the highest common divisor of 27 and w?
9
Let b be 0 + 0 - (-15)/5. Let l be (15/(-25))/(b/(-10)). Suppose -3*n = -2*u - 596, -4*n - 6*u + l*u = -808. What is the highest common divisor of n and 25?
25
Let c(y) = 15*y**2 - 12*y - 11. Let q be c(-1). What is the highest common factor of 880 and q?
16
Suppose 5*a + 4*s - 380 = 0, 5*s - 365 = -5*a + 4*s. Suppose 41*w = 44*w - a. What is the highest common factor of w and 24?
24
Let z = 27 + -17. Let x be (z/(-2))/(-5) - 0. Let n be (2 - -2)*(-3 + 5). Calculate the greatest common factor of x and n.
1
Suppose 20 = 2*b + 4*h, -15 - 5 = -4*h. Suppose 6*v - v = b. Suppose v = f + 4*f - 125. What is the 